t t(g) = -2*g**3 - 13*g**2 - 2*g + 26. Let w be t(-6). Suppose 3*m - 3792 = -2*m + 4*b, 3*m + w*b = 2284. Calculate the highest common factor of m and 95.
95
Let w(h) = -h**3 - 25*h**2 - 43*h - 171. Let u be w(-25). What is the greatest common divisor of 8 and u?
8
Suppose -2095 = -2*p - 277. Let y be (-12 + 175/40 - -8) + 138/16. What is the highest common factor of y and p?
9
Let g be (5/3)/(8/984). Let i(t) = t**3 - 31*t**2. Let f be i(31). Suppose f*j - g = -4*j + b, -j + 47 = 4*b. Calculate the greatest common divisor of 34 and j.
17
Suppose 3*q - 146 - 49 = 0. Suppose -10 - 10 = -4*i. Suppose -6*d - 4*r = -d - 77, -i*r + 28 = d. What is the greatest common divisor of q and d?
13
Let y be -1*(0 + -1) + 132. Suppose 0 = 5*s - 2*d - 105, 16*d - 51 = -4*s + 11*d. Calculate the greatest common divisor of y and s.
19
Let h be (-40)/(-150)*-4593*-5. What is the greatest common factor of h and 4?
4
Suppose 36 = -11*v + 15*v. Let w(p) = -6*p + 0 - 18 + 57. Let r be w(-7). Calculate the highest common divisor of v and r.
9
Suppose 2*s + 5*b - 2 = -4, b = -s + 2. Suppose 91*z = 86*z + 15. Suppose z*l = -5*l + 416. Calculate the highest common factor of l and s.
4
Let f be 7 - (-18 + -6 - -13). What is the highest common factor of 4632 and f?
6
Let h(t) be the third derivative of 0 - 1/60*t**5 + 7/2*t**3 - 5/8*t**4 - 9*t**2 + 0*t. Let z be h(-16). What is the greatest common factor of 2 and z?
1
Let i be (-2)/3 - (-134)/3. Let n be ((-42)/(-8))/7*(-416)/(-78). Calculate the greatest common divisor of i and n.
4
Suppose -18*p = -13*p - 25. Suppose p*t + 5*v - 3*v = 15, -v = 0. Let m be t/(-5) - (-228)/5. Calculate the greatest common factor of m and 15.
15
Let h be 4/(-8) + 7/2. Suppose 1 = 2*m - h. Let u(f) = 567*f - 6801. Let q be u(12). Calculate the greatest common divisor of q and m.
1
Let x = 6 + -2. Suppose -5*m + 28 = 4*j, j - 22 = -x*j - 3*m. Suppose -j + 5 = d. Calculate the highest common factor of 24 and d.
3
Let x be 12/(-8)*8*2/(-4). Suppose -x*i - 2*i = -280. Suppose 55 - i = 4*c. Calculate the highest common factor of 55 and c.
5
Let m be 9/9*(114 + (-12)/4) + 5. Calculate the greatest common factor of m and 18212.
116
Let b(t) = -2*t**3 + 12*t**2 - 2*t + 15. Let q be b(6). Suppose 3*x + 21*y = 23*y + 70, 2*y - 50 = -q*x. Calculate the highest common divisor of x and 145.
5
Suppose -7*r + 615 + 501 = 11*r. What is the greatest common divisor of 31 and r?
31
Suppose 4*i + 96 = -112*l + 115*l, -3*i = -9. Calculate the highest common factor of l and 882.
18
Let n(x) = 8*x**2 + 59*x - 6. Let v(g) = -2*g**3 + 13*g**2 - 9*g + 10. Let w be v(6). Let r be n(w). Calculate the highest common factor of r and 374.
34
Let h = -131 - -140. Suppose 5*l = 5, -86 = -4*y - l - h. Calculate the highest common divisor of 38 and y.
19
Let g = 35 - 17. Suppose 10*v - 2*v + 3744 = 0. Let t = 666 + v. Calculate the highest common factor of g and t.
18
Let w(c) = 311*c + 546. Let l be w(4). Calculate the greatest common divisor of 20 and l.
10
Let p be ((-3)/(-2))/3*-52. Let a = p + 59. Suppose -2*y + 22 = -0*y. What is the greatest common divisor of a and y?
11
Let l = 45 + -30. Suppose 25589 - 31589 = -16*j. Calculate the highest common factor of j and l.
15
Let i(j) = j**3 + 27*j**2 + 19*j + 69. Let b be i(-26). Suppose -2*x + 74*f + 504 = 77*f, x - b = -f. What is the greatest common divisor of x and 83?
83
Let s = 16108 - 15910. What is the highest common divisor of s and 58410?
198
Let a be ((-116)/(-24) + 1/2)*(-5577)/(-143). What is the greatest common divisor of 96 and a?
16
Let f(y) = -17*y**2 + 184*y - 135. Let d be f(9). Let n(s) = 4*s**2 + 2*s + 1. Let g be n(-1). Calculate the highest common factor of g and d.
3
Suppose 12*c = 6*c + 54. Let i be (-10 + 10/2)*(0 - c). What is the highest common factor of i and 405?
45
Suppose 3*x = -10 - 8. Let f(s) = 9*s - 117. Let j be f(14). Let i be (-6 + j)/(x/(-50)). What is the highest common divisor of 5 and i?
5
Let h(s) be the first derivative of 11*s**2/2 + 8*s + 1. Let v be h(2). Let m = 24 + -9. What is the highest common factor of v and m?
15
Suppose -2424*a + 2422*a + 918 = 0. Let r be (4/10)/((-1)/515). Let p be 1/(r/(-102) - 2). Calculate the highest common divisor of p and a.
51
Suppose -10581 - 5249 = -94*m + 3440. Calculate the greatest common factor of 34235 and m.
205
Let m = 236 - 145. Let s(a) = -183 - 115 + 36*a + 3 + 63 - 43. Let i be s(8). What is the highest common factor of m and i?
13
Let y be ((-10)/15)/((-12)/(-90)) + 344 - 3. What is the greatest common factor of y and 2400?
48
Let z(h) = 54*h**2 - 8*h - 8. Let o be z(-1). What is the greatest common divisor of o and 4626?
18
Suppose 6*z - 7 = 29. Suppose 2*x + 108 = z*x. What is the greatest common divisor of 243 and x?
27
Let l = 11 - 19. Suppose -5*a = 2*v + 128, 9*a + 3*v + 108 = 5*a. Let q be a/6 + 40/(l/(-4)). Calculate the highest common factor of 24 and q.
8
Let z = 22 + -30. Let f be 62/z - (-3)/(-12). Let x(d) = -4*d - 4. Let n be x(f). Calculate the highest common divisor of 4 and n.
4
Suppose -2*n = 3*q + 13 - 56, 0 = -3*n + 3*q + 57. Calculate the highest common divisor of 845 and n.
5
Let y(l) = -6*l**3 - 4*l**2 - 62*l - 505. Let v be y(-7). Calculate the greatest common factor of v and 36.
9
Let h(t) = 40*t**3 + 29*t**2 - 64*t + 1. Let s be h(2). What is the greatest common divisor of s and 15?
3
Suppose 18*g - 388 - 8 = 0. Let h = -37 + 40. Suppose 2*c + h*k + 1 = 2, -2*c + 4*k = -g. Calculate the highest common divisor of 10 and c.
5
Let x = -9112 + 9140. Suppose 2*y - 617 = m - 2*m, -3*y + 927 = 3*m. Calculate the greatest common factor of x and y.
28
Let k(g) = -g + 6. Let h = 24 - 17. Suppose -25 = -h*m + 2*m, -2*s - 32 = -4*m. Let r be k(s). Calculate the greatest common divisor of 6 and r.
6
Suppose 4 = 4*i, 4*h = 2*i + 3*i + 99. Calculate the greatest common divisor of 429 and h.
13
Let f(c) = -5*c**3 + 2*c + 2. Let i be f(-1). Suppose 2*n + 2*n = w - 88, -4*w = i*n - 247. Calculate the highest common divisor of w and 17.
17
Let l = -311 + 351. Let u(r) = 2*r**3 - 4*r**2 + r - 6. Let m be u(6). Let f be (4/6)/(12/m). Calculate the greatest common factor of l and f.
8
Let t be 2/(-4) + (-42)/(-4). Let m = 14 - t. Suppose 0 = 180*f - 124*f - 896. What is the highest common factor of m and f?
4
Let g be -4 - 24*(-13)/((-468)/(-27)) - 2. Suppose 2*d + 0*d = 6. What is the greatest common factor of g and d?
3
Let f be 1/(-2*(-4)/40) + 17. Suppose 5*q - f = 328. What is the greatest common factor of 105 and q?
35
Let z be 3/12 + (-16044)/(-336). What is the greatest common factor of 1952 and z?
16
Let b be 11/(3/(-30)*-5). Suppose -6 = -5*h + 2*g + 23, 5*g = 5*h - 20. Suppose 176 = -3*o + h*o. What is the greatest common divisor of o and b?
22
Let p(l) = -24*l**2 - l. Let z be p(-1). Let i = -14 - z. Let x be (1*5)/(5/(56/((-1848)/(-99)))). What is the greatest common factor of i and x?
3
Let w(c) = 3*c - 14. Let m be w(7). Suppose -m = -7*k - 0. Suppose n - k = 6. What is the highest common divisor of n and 49?
7
Suppose g = y - 3027, -22*g + 6047 = 2*y - 17*g. Calculate the highest common factor of 712 and y.
178
Let b(k) = 2361*k - 8040. Let z be b(5). Calculate the greatest common factor of z and 45.
15
Let m be (8437/44)/(-2 + (-51)/(-24)). Suppose 468 = -1528*r + m*r. Calculate the greatest common factor of 18 and r.
6
Let p be 2/3*5/(-20)*354. Let u = p + 339. Calculate the greatest common factor of u and 30.
10
Let z(h) = -126*h + 4811. Let v be z(38). Calculate the highest common divisor of 37 and v.
1
Let y(s) = -10*s + 6. Let l be y(0). Suppose -g - 41 = -l*g - 3*q, 2*g + 5*q - 24 = 0. What is the greatest common divisor of g and 371?
7
Suppose 93*k - 10*k = 33200. What is the greatest common divisor of 2450 and k?
50
Suppose -4*h - h - 4036 + 30036 = 0. Calculate the highest common divisor of h and 208.
208
Let p(a) = a**3 - 2*a**2 - 4*a - 2. Let i be p(4). Let v = -32871 + 32941. What is the greatest common divisor of v and i?
14
Suppose -2*c - 2*o + 62 = 0, c + 5*o = 9 + 10. Suppose -51 = -4*u - 3*p, 3*u - 3*p - c = -1. Calculate the highest common divisor of 96 and u.
12
Let k = 2987 + -2973. What is the highest common factor of 217 and k?
7
Let b(m) = -16*m + 47. Let i(h) = -16*h + 44. Let s(r